u**2 + 59*u - 795. Determine c(13).
479
Let c(s) = -s**2 - 2*s + 12841. What is c(-114)?
73
Let p(b) = -b**2 - 34*b + 508. What is p(17)?
-359
Let n(b) = -b**2 - 1632*b + 65152. What is n(39)?
-17
Let m(r) = -r**3 - 21*r**2 - 84*r - 275. Calculate m(-17).
-3
Let d(a) = 27985*a + 419779. Calculate d(-15).
4
Let u(x) = 35750*x - 1751743. Give u(49).
7
Let n(j) = 2*j**3 - 2387*j**2 - 1178*j - 19154. What is n(1194)?
-50
Let s(u) = 69766*u + 1186027. Calculate s(-17).
5
Let b(j) = -85747*j - 1028736. Determine b(-12).
228
Let v(w) = -12102*w - 108663. Calculate v(-9).
255
Let h(f) = f**2 - 3670*f - 25739. Calculate h(-7).
0
Let w(g) = -g**3 - 275*g + 1130. What is w(4)?
-34
Let s(h) = -8937*h - 35708. Determine s(-4).
40
Let z(b) = 211*b**2 + 4429*b - 27. What is z(-21)?
15
Let u(a) = a**3 - 39*a + 50. Calculate u(-9).
-328
Let t(v) = -269*v + 5081. Give t(19).
-30
Let y(l) = 1195*l + 19742. Calculate y(-16).
622
Let w(d) = -d**3 + 229*d**2 - 12407*d - 148. Determine w(141).
-7
Let m(o) = -o**2 + 166*o + 6332. Give m(-33).
-235
Let m(h) = 3*h**2 + 52*h - 1330. What is m(15)?
125
Let c(w) = 3*w**3 - 50*w**2 - 3853*w + 40554. Calculate c(10).
24
Let l(k) = -368*k**2 - 755*k + 52827. Give l(11).
-6
Let w(a) = 4*a**3 + 939*a**2 - 226*a + 2109. Give w(-235).
-6
Let j(z) = -3*z**2 - 21*z - 2207. Give j(0).
-2207
Let p(q) = q**3 + 8*q**2 + 1717*q + 1711. Calculate p(-1).
1
Let v(c) = c**3 - 622*c**2 + 5922*c + 121178. Determine v(612).
2
Let m(y) = y**3 - 152*y**2 + 866*y + 1503. Calculate m(146).
43
Let y(k) = 29*k**2 - 7404*k + 1. Determine y(0).
1
Let c(o) = -3*o**2 + 171*o + 2487. Determine c(69).
3
Let q(k) = -443*k + 41585. Determine q(94).
-57
Let w(c) = -886*c**3 + 1006*c + 1005. What is w(-1)?
885
Let o(a) = 6*a**2 - 679*a + 1841. Determine o(110).
-249
Let x(c) = 4734*c + 137197. Calculate x(-29).
-89
Let p(r) = -6*r**2 + 413*r + 2848. Determine p(-7).
-337
Let o(b) = -728*b**2 + 16*b + 5. Give o(-1).
-739
Let c(f) = 82491*f + 329991. What is c(-4)?
27
Let p(f) = 4*f**3 + 134*f**2 + 1004*f + 52. Calculate p(-12).
388
Let j(w) = 642*w**2 - 2580*w + 59. Determine j(4).
11
Let x(p) = -414*p - 809. Calculate x(-4).
847
Let n(r) = 23*r**2 - 5543*r - 1214. Calculate n(241).
-1214
Let f(n) = -n**2 + 4817*n - 190933. Determine f(40).
147
Let y(w) = -1493253*w - 8959515. Give y(-6).
3
Let c(b) = -3730*b**2 + 305861*b - 81. Determine c(82).
1
Let s(c) = -c**2 + 628*c + 79481. What is s(736)?
-7
Let a(s) = -48453*s - 436087. Give a(-9).
-10
Let a(t) = -16214*t - 8123222. What is a(-501)?
-8
Let x(i) = 13*i**2 + 3*i + 8. Determine x(8).
864
Let z(s) = 4614*s + 728961. Give z(-158).
-51
Let r(h) = -11987*h + 155812. Determine r(13).
-19
Let b(g) = -8112*g - 65. Calculate b(0).
-65
Let l(k) = -2*k**3 + 1689*k**2 + 8499*k + 6. Give l(-5).
-14
Let l(b) = 20478*b + 696243. Give l(-34).
-9
Let s(w) = -431*w - 4818. Give s(-10).
-508
Let d(u) = 239598*u - 718792. Give d(3).
2
Let k(s) = -621*s - 342172. Determine k(-551).
-1
Let a(b) = -8*b**3 - 870*b**2 - 659*b - 1220. Give a(-108).
-32
Let h(p) = 1754366*p + 15789314. What is h(-9)?
20
Let x(l) = 4*l**3 + 46*l**2 + 120*l + 66. Determine x(-2).
-22
Let j(q) = -q**3 + 527*q**2 + 22051*q + 13015. Calculate j(566).
-3
Let z(n) = 25*n**2 - 3*n - 10. What is z(8)?
1566
Let u(b) = 30*b**2 + 960*b + 632. What is u(-31)?
-298
Let p(i) = -2*i**2 - 796*i + 16452. What is p(20)?
-268
Let r(g) = -g**3 - g**2 - 225*g + 455. Calculate r(2).
-7
Let i(l) = l**3 + l**2 + 228*l - 721. Determine i(3).
-1
Let v(a) = a**2 - 3750*a - 64045. Determine v(-17).
-6
Let i(l) = -1484*l**2 - 10343*l + 318. Determine i(-7).
3
Let c(f) = 3*f**3 - 52*f**2 - 246*f + 1721. What is c(20)?
1
Let j(i) = 76*i + 3153. Calculate j(-32).
721
Let j(o) = -o**2 - 47779*o + 286665. Give j(6).
-45
Let d(x) = -8500*x + 3365976. Give d(396).
-24
Let s(z) = -2*z**2 - 446*z - 8356. Calculate s(-20).
-236
Let m(u) = -14*u**2 - 1945*u - 596. What is m(-137)?
3103
Let w(r) = -39*r - 2006. Give w(-53).
61
Let d(y) = 29320*y + 205299. Give d(-7).
59
Let n(p) = -3766*p + 93852. Determine n(25).
-298
Let m(b) = -33063*b + 396750. Give m(12).
-6
Let v(h) = 12*h**2 + 3624*h - 1397. Calculate v(-303).
2239
Let t(l) = 9904*l**2 - 59424*l - 9. Determine t(6).
-9
Let h(i) = 94*i**2 + 441*i - 6. What is h(0)?
-6
Let y(n) = -46*n**2 + 429*n + 2889. Determine y(-7).
-2368
Let x(q) = -32141*q + 5560386. Give x(173).
-7
Let m(g) = -7408*g - 81831. What is m(-11)?
-343
Let k(w) = -8*w**3 + 9*w**2 + 279*w - 705. What is k(3)?
-3
Let u(o) = 16*o**2 + 1418*o - 367. Calculate u(-89).
167
Let m(l) = l**2 + 6*l - 2666. Calculate m(48).
-74
Let s(i) = -25*i**2 + 488*i - 19. Calculate s(18).
665
Let p(r) = -2*r**3 - 19*r**2 + 3*r - 199. Calculate p(-9).
-307
Let w(t) = 5*t**2 + 3920*t + 11729. Calculate w(-3).
14
Let c(v) = 29*v**3 - 479*v**2 + 1024*v - 24. What is c(14)?
4
Let q(a) = -2*a**3 - 642*a**2 + 728*a + 27025. Calculate q(-322).
-23
Let d(k) = 26*k**2 - 2731*k + 10929. Give d(4).
421
Let x(p) = -3*p**3 + 58*p**2 - 501*p - 1233. What is x(-2)?
25
Let r(a) = -62*a**2 - 619*a - 201. What is r(-10)?
-211
Let t(q) = -58*q**3 - 403*q**2 - 2*q - 167. Calculate t(-7).
-6
Let k(l) = -4*l**2 + 50*l - 355. What is k(7)?
-201
Let y(i) = i**2 + 2089*i - 288479. Determine y(130).
-9
Let q(h) = -4*h**2 - 17845*h + 1490178. What is q(82)?
-8
Let h(b) = b**2 - 12335*b - 781091. Calculate h(-63).
-17
Let j(l) = 2*l**2 - 91*l - 1206. Calculate j(-10).
-96
Let i(n) = -n**3 - 28*n**2 + 321*n - 294. Give i(1).
-2
Let t(c) = 103845*c - 415355. Calculate t(4).
25
Let h(w) = 2*w**2 - 59*w - 5735. Give h(70).
-65
Let h(y) = 208*y + 4019. Determine h(-19).
67
Let g(p) = 53265*p + 7457106. What is g(-140)?
6
Let h(s) = -588*s**3 - 9*s**2 - 52*s + 103. Calculate h(2).
-4741
Let x(a) = -118*a + 7697. Calculate x(65).
27
Let f(y) = -5*y**2 + 2047*y - 46918. What is f(385)?
52
Let f(s) = 7*s**3 - 38*s**2 - 1326*s + 6716. What is f(5)?
11
Let a(t) = -154*t + 28991. Determine a(189).
-115
Let z(x) = x**2 + 45*x - 2356. What is z(-83)?
798
Let x(t) = 5626*t - 218737. Give x(39).
677
Let k(r) = -r**3 + 550*r**2 - 705*r - 214275. Calculate k(548).
-7
Let s(d) = -307*d**2 - 4708*d - 644. Give s(-15).
901
Let x(s) = 264*s**3 + 9238*s**2 - 61*s + 5. Determine x(-35).
-310
Let u(m) = -52*m**2 + 428*m - 1773. What is u(4)?
-893
Let s(l) = 1292*l - 542643. Give s(420).
-3
Let k(j) = j**2 + 93096*j - 279285. What is k(3)?
12
Let u(r) = -16*r**2 + 324*r + 2124. Give u(-6).
-396
Let c(m) = -m**2 + 23912*m + 2401196. Give c(-100).
-4
Let x(s) = 68*s + 1311. Give x(5).
1651
Let j(h) = -1037*h + 3003. What is j(3)?
-108
Let b(y) = y**3 - 36*y**2 + 266*y - 279. Calculate b(26).
-123
Let j(n) = -2*n**3 + 101*n**2 + 851*n - 40945. What is j(51)?
-145
Let z(f) = 168*f**2 + 526*f + 8. Calculate z(-3).
-58
Let x(a) = -14567*a - 247174. Determine x(-17).
465
Let d(w) = 3667*w + 95218. What is d(-26)?
-124
Let o(g) = 44428*g - 222137. Give o(5).
3
Let t(w) = 23*w**2 + 271*w - 522. Give t(-11).
-720
Let t(d) = -d**3 - 224*d**2 + 2714*d - 27852. Determine t(-236).
-4
Let f(a) = 5933*a - 183624. Calculate f(31).
299
Let g(c) = 2*c**2 - 252*c - 11069. Give g(159).
-575
Let c(m) = 2*m**2 + 20256*m + 746633. Give c(-37).
-101
Let m(s) = -210721*s + 6321632. Calculate m(30).
2
Let b(u) = 2*u**3 + 1510*u**2 - 6222*u - 113852. Give b(-759).
-2
Let i(z) = -2*z**2 + 11783*z - 105894. Calculate i(9).
-9
Let z(x) = -121*x - 16455. Give z(-136).
1
Let u(a) = 5*a - 3746. Give u(-40).
-3946
Let v(z) = 10935*z + 21845. Calculate v(-2).
-25
Let a(v) = -6*v**3 + 616*v**2 - 671*v + 55. Calculate a(1).
-6
Let g(i) = i**2 - 148*i + 4543. What is g(40)?
223
Let c(f) = f**3 - 30*f**2 - 1078*f - 52. What is c(51)?
-409
Let d(q) = -23*q**2 - 4464*q + 13384. Determine d(3).
-215
Let v(q) = 6610*q - 528844. Determine v(80).
-44
Let x(j) = 28577*j - 171447. Determine x(6).
15
Let o(r) = 2294*r - 12755. Determine o(6).
1009
Let j(s) = 89*s - 3951. What is j(65)?
1834
Let g(o) = -5965*o - 35786. Give g(-6).
4
Let g(x) = 6423*x**2 - 25720*x - 36. Determine g(4).
-148
Let j(g) = -g**2 - 199*g - 9310. Give j(-126).
-112
Let u(l) = 5*l**2 + 8*l - 11771. Calculate u(48).
133
Let k(d) = 2*d**3 + 439*d**2 + 1069*d - 2357. What is k(-217)?
1115
Let n(s) = 6675*s + 60